{"id":539,"date":"2024-06-01T21:30:06","date_gmt":"2024-06-02T01:30:06","guid":{"rendered":"http:\/\/localhost\/PRUEBA\/?page_id=539"},"modified":"2024-11-29T09:00:40","modified_gmt":"2024-11-29T13:00:40","slug":"bancario","status":"publish","type":"page","link":"https:\/\/sudeban.gob.ve\/index.php\/bancario\/","title":{"rendered":"Bancario"},"content":{"rendered":"\t\t<div data-elementor-type=\"wp-page\" data-elementor-id=\"539\" class=\"elementor elementor-539\">\n\t\t\t\t<div class=\"elementor-element elementor-element-66afc90d e-flex e-con-boxed e-con e-parent\" data-id=\"66afc90d\" data-element_type=\"container\">\n\t\t\t\t\t<div class=\"e-con-inner\">\n\t\t\t\t<div class=\"elementor-element elementor-element-3c7a7c01 elementor-widget elementor-widget-heading\" data-id=\"3c7a7c01\" data-element_type=\"widget\" data-widget_type=\"heading.default\">\n\t\t\t\t<div class=\"elementor-widget-container\">\n\t\t\t<style>\/*! elementor - v3.23.0 - 05-08-2024 *\/\n.elementor-heading-title{padding:0;margin:0;line-height:1}.elementor-widget-heading .elementor-heading-title[class*=elementor-size-]>a{color:inherit;font-size:inherit;line-height:inherit}.elementor-widget-heading .elementor-heading-title.elementor-size-small{font-size:15px}.elementor-widget-heading .elementor-heading-title.elementor-size-medium{font-size:19px}.elementor-widget-heading .elementor-heading-title.elementor-size-large{font-size:29px}.elementor-widget-heading .elementor-heading-title.elementor-size-xl{font-size:39px}.elementor-widget-heading .elementor-heading-title.elementor-size-xxl{font-size:59px}<\/style><h2 class=\"elementor-heading-title elementor-size-default\">Bancario<\/h2>\t\t<\/div>\n\t\t\t\t<\/div>\n\t\t\t\t\t<\/div>\n\t\t\t\t<\/div>\n\t\t<div class=\"elementor-element elementor-element-35f77c6 e-grid e-con-boxed e-con e-parent\" data-id=\"35f77c6\" data-element_type=\"container\">\n\t\t\t\t\t<div class=\"e-con-inner\">\n\t\t\t\t<div class=\"elementor-element elementor-element-4422a12 elementor-widget elementor-widget-shortcode\" data-id=\"4422a12\" data-element_type=\"widget\" data-widget_type=\"shortcode.default\">\n\t\t\t\t<div class=\"elementor-widget-container\">\n\t\t\t\t\t<div class=\"elementor-shortcode\"><div id=\"footable_parent_2176\"\n         class=\" footable_parent ninja_table_wrapper loading_ninja_table wp_table_data_press_parent semantic_ui \">\n                <table data-ninja_table_instance=\"ninja_table_instance_0\" data-footable_id=\"2176\" data-filter-delay=\"1000\" aria-label=\"19.DIR_BANCARIO (Imported From Table Press)\"            id=\"footable_2176\"\n           data-unique_identifier=\"ninja_table_unique_id_1655636586_2176\"\n           class=\" foo-table ninja_footable foo_table_2176 ninja_table_unique_id_1655636586_2176 ui table  nt_type_legacy_table selectable striped vertical_centered  footable-paging-right ninja_table_pro\">\n                <colgroup>\n                            <col class=\"ninja_column_0 \">\n                            <col class=\"ninja_column_1 \">\n                            <col class=\"ninja_column_2 \">\n                            <col class=\"ninja_column_3 \">\n                            <col class=\"ninja_column_4 \">\n                            <col class=\"ninja_column_5 \">\n                    <\/colgroup>\n        <thead>\n<tr class=\"footable-header\">\n                                                                                                        <th scope=\"col\"  class=\"ninja_column_0 ninja_clmn_nm_nombre \">NOMBRE<\/th><th scope=\"col\"  class=\"ninja_column_1 ninja_clmn_nm_presidente \">PRESIDENTE<\/th><th scope=\"col\"  class=\"ninja_column_2 ninja_clmn_nm_presidenteejecutivo \">PRESIDENTE EJECUTIVO<\/th><th scope=\"col\"  class=\"ninja_column_3 ninja_clmn_nm_presidentedelajuntadirectiva \">PRESIDENTE DE LA JUNTA DIRECTIVA<\/th><th scope=\"col\"  class=\"ninja_column_4 ninja_clmn_nm_direccion \">DIRECCION<\/th><th scope=\"col\"  class=\"ninja_column_5 ninja_clmn_nm_tipoentidad \">TIPO_ENTIDAD<\/th><\/tr>\n<\/thead>\n<tbody>\n\n        <tr data-row_id=\"2163\" class=\"ninja_table_row_0 nt_row_id_2163\">\n            <td>100% BANCO, BANCO UNIVERSAL, C.A.<\/td><td><\/td><td>LUIS ALFREDO RODR\u00cdGUEZ ALMEA<\/td><td>FORTUNATO BENACERRAF SAIAS<\/td><td>Avenida Bland\u00edn, Centro Comercial San Ignacio, Torre Cop\u00e9rnico, piso 10, La Castellana, Municipio Chacao, estado Miranda.<\/td><td>BANCO UNIVERSAL<\/td>        <\/tr>\n            <tr data-row_id=\"2164\" class=\"ninja_table_row_1 nt_row_id_2164\">\n            <td>BANCAMIGA BANCO UNIVERSAL, C.A.<\/td><td><\/td><td>ARIEL JOS\u00c9 MART\u00cdNEZ<\/td><td>JOS\u00c9 SIM\u00d3N ELARBA HADDAD<\/td><td>Edificio Sede Gerencial La Castellana, avenida Francisco de Miranda, cruce con la avenida Principal de La Castellana, Chacao, Municipio Chacao, estado Miranda.<\/td><td>BANCO UNIVERSAL<\/td>        <\/tr>\n            <tr data-row_id=\"2165\" class=\"ninja_table_row_2 nt_row_id_2165\">\n            <td>BANCO ACTIVO C.A., BANCO UNIVERSAL.<\/td><td><\/td><td>GIANCARLO PIETRI VELUTINI<\/td><td>ALEJANDRO ENRIQUE MONTENEGRO D\u00cdAZ<\/td><td>Avenida Francisco de Miranda, Edificio Torre Europa, piso 12, oficina 12A \/ 12B, Urbanizaci\u00f3n Campo Alegre, Municipio Chacao, estado Miranda.<\/td><td>BANCO UNIVERSAL<\/td>        <\/tr>\n            <tr data-row_id=\"2166\" class=\"ninja_table_row_3 nt_row_id_2166\">\n            <td>BANCO AGR\u00cd\u008dCOLA DE VENEZUELA, C.A.<\/td><td>MANUEL EDUARDO TORRES<\/td><td><\/td><td><\/td><td>Avenida Francisco de Miranda, Edificio Cavendes, Piso 17, Los Palos Grandes, Municipio Chacao, estado Miranda.<\/td><td>BANCO UNIVERSAL<\/td>        <\/tr>\n            <tr data-row_id=\"2167\" class=\"ninja_table_row_4 nt_row_id_2167\">\n            <td>BANCO DIGITAL DE LOS TRABAJADORES, BANCO UNIVERSAL, C.A.<\/td><td>SERGIO JULIO LOTARTARO TOVAR<\/td><td><\/td><td><\/td><td>Avenida Venezuela, Edificio Banco Bicentenario, Planta Baja, Urbanizaci\u00f3n El Rosal, Municipio Chacao, estado Miranda.<\/td><td>BANCO UNIVERSAL<\/td>        <\/tr>\n            <tr data-row_id=\"2168\" class=\"ninja_table_row_5 nt_row_id_2168\">\n            <td>BANCO CARON\u00cd\u008d, C.A., BANCO UNIVERSAL.<\/td><td>AR\u00cdSTIDES MAZA TIRADO<\/td><td><\/td><td><\/td><td>Avenida V\u00eda Venezuela, Edificio Multicentro Banco Caron\u00ed, Mezzanina, Puerto Ordaz, estado Bol\u00edvar.<\/td><td>BANCO UNIVERSAL<\/td>        <\/tr>\n            <tr data-row_id=\"2169\" class=\"ninja_table_row_6 nt_row_id_2169\">\n            <td>BANCO DE COMERCIO EXTERIOR, C.A. (BANCOEX).<\/td><td>GUILLERMO GABRIEL LARA TORO (E)<\/td><td><\/td><td><\/td><td>Calle Los Chaguaramos, Urbanizaci\u00f3n La Castellana, Centro Gerencial Mohedano, PH, Municipio Chacao, estado Miranda.<\/td><td>BANCO DE DESARROLLO<\/td>        <\/tr>\n            <tr data-row_id=\"2170\" class=\"ninja_table_row_7 nt_row_id_2170\">\n            <td>BANCO DE DESARROLLO ECON\u00d3MICO Y SOCIAL DE VENEZUELA (BANDES).<\/td><td>ANABEL PEREIRA FERN\u00c1NDEZ (E)<\/td><td><\/td><td><\/td><td>Avenida Sur 1, Esquina de Traposos a Col\u00f3n, Torre Bandes, piso 1, Presidencia, Parroquia Catedral, Municipio Libertador, Distrito Capital.<\/td><td>BANCO DE DESARROLLO<\/td>        <\/tr>\n            <tr data-row_id=\"2171\" class=\"ninja_table_row_8 nt_row_id_2171\">\n            <td>BANCO DE LA FUERZA ARMADA NACIONAL BOLIVARIANA, BANCO UNIVERSAL, C.A. (BANFANB).<\/td><td>JOS\u00c9 VICENTE RAM\u00cdREZ SOYANO<\/td><td><\/td><td><\/td><td>Avenida Venezuela, Urbanizaci\u00f3n El Rosal, Torre BANFANB, piso 1, Municipio Chacao, estado Miranda<\/td><td>BANCO UNIVERSAL<\/td>        <\/tr>\n            <tr data-row_id=\"2172\" class=\"ninja_table_row_9 nt_row_id_2172\">\n            <td>BANCO DE LA GENTE EMPRENDEDORA (BANGENTE) C.A.<\/td><td><\/td><td>ALBERTO DE ARMAS BASTERRECHEA<\/td><td><\/td><td>Avenida Ernesto Blohm y la Estancia, Edificio Centro BANAVEN, Torre B, Piso 3, Oficinas Nros. B-31 B-34, Parroquia Chacao, Municipio Chacao, estado Miranda<\/td><td>BANCO MICROFINANCIERO<\/td>        <\/tr>\n            <tr data-row_id=\"2173\" class=\"ninja_table_row_10 nt_row_id_2173\">\n            <td>BANCO DE VENEZUELA, S.A. BANCO UNIVERSAL.<\/td><td>ROM\u00c1N DANIEL MANIGLIA DARWICH<\/td><td><\/td><td><\/td><td>Avenida Universidad, esquina de Sociedad, Torre Banco de Venezuela, piso 18, Parroquia Catedral, Municipio Libertador, Distrito Capital.<\/td><td>BANCO UNIVERSAL<\/td>        <\/tr>\n            <tr data-row_id=\"2174\" class=\"ninja_table_row_11 nt_row_id_2174\">\n            <td>BANCO DEL CARIBE C.A., BANCO UNIVERSAL (BANCARIBE).<\/td><td>JUAN CARLOS DAO YANES<\/td><td><\/td><td><\/td><td>Avenida Francisco de Miranda, cruce con calle El Parque y Avenida Mohedano, Edificio Centro Empresarial Galip\u00e1n, Torre Bancaribe, PB, Urbanizaci\u00f3n El Rosal, Municipio Chacao, estado Miranda.<\/td><td>BANCO UNIVERSAL<\/td>        <\/tr>\n            <tr data-row_id=\"2175\" class=\"ninja_table_row_12 nt_row_id_2175\">\n            <td>BANCO DEL TESORO, C.A., BANCO UNIVERSAL.<\/td><td>JIMMY BERR\u00cdOS OJEDA<\/td><td><\/td><td><\/td><td>Calle Guaicaipuro, Torre Banco del Tesoro, PH, El Rosal, Municipio Chacao, estado Miranda.<\/td><td>BANCO UNIVERSAL<\/td>        <\/tr>\n            <tr data-row_id=\"2176\" class=\"ninja_table_row_13 nt_row_id_2176\">\n            <td>BANCO EXTERIOR, C.A., BANCO UNIVERSAL.<\/td><td><\/td><td>CARLOS ALFREDO CHOW QUAN<\/td><td><\/td><td>Avenida Urdaneta, Urapal a R\u00edo, Edificio Banco Exterior,  piso 1, Parroquia La Candelaria, Municipio Libertador, Distrito Capital.<\/td><td>BANCO UNIVERSAL<\/td>        <\/tr>\n            <tr data-row_id=\"2177\" class=\"ninja_table_row_14 nt_row_id_2177\">\n            <td>BANCO INTERNACIONAL DE DESARROLLO, C.A BANCO UNIVERSAL.<\/td><td><\/td><td>SEYED REZA SAMAEI<\/td><td>BAHMAN VAKILI SOHROFOROOZANI<\/td><td>Avenida Francisco de Miranda, Edificio Dozsa, piso 8, Urbanizaci\u00f3n El Rosal, Municipio Chacao, estado Miranda.<\/td><td>BANCO UNIVERSAL<\/td>        <\/tr>\n            <tr data-row_id=\"2178\" class=\"ninja_table_row_15 nt_row_id_2178\">\n            <td>BANCO NACIONAL DE CR\u00c9DITO, C.A. BANCO UNIVERSAL.<\/td><td><\/td><td>JORGE LUIS NOGUEROLES GARC\u00cd\u008dA <\/td><td><\/td><td>Avenida Francisco de Miranda con Avenida Los Cortijos, Torre BNC, piso 12, Urbanizaci\u00f3n Campo Alegre, Municipio Chacao, estado Miranda<\/td><td>BANCO UNIVERSAL<\/td>        <\/tr>\n            <tr data-row_id=\"2179\" class=\"ninja_table_row_16 nt_row_id_2179\">\n            <td>BANCO NACIONAL DE VIVIENDA Y HABITAT (BANAVIH).<\/td><td>RA\u00daL ALFONZO PAREDES<\/td><td><\/td><td><\/td><td>Avenida Venezuela, Torre Banavih, El Rosal, Municipio Chacao,estado Miranda.<\/td><td>BANCO DE DESARROLLO<\/td>        <\/tr>\n            <tr data-row_id=\"2181\" class=\"ninja_table_row_17 nt_row_id_2181\">\n            <td>BANCO PLAZA, C.A., BANCO UNIVERSAL.<\/td><td>ERICK HUMBERTO BOSC\u00c1N ARRIETA                                                                                                        <\/td><td>JUAN M\u00c9NDEZ LORENZO<\/td><td><\/td><td>Avenida Casanova, entre calles Uni\u00f3n y Villaflor, Sabana Grande, Torre Banco Plaza, PH, Municipio Libertador, Distrito Capital.<\/td><td>BANCO UNIVERSAL<\/td>        <\/tr>\n            <tr data-row_id=\"2182\" class=\"ninja_table_row_18 nt_row_id_2182\">\n            <td>BANCO PROVINCIAL, S.A. BANCO UNIVERSAL.<\/td><td><\/td><td>FERNANDO ALONSO TURI\u00d1O<\/td><td><\/td><td>Avenida Vollmer con avenida Este 0, Centro Financiero Provincial, piso 27, San Bernardino, Municipio Libertador, Distrito Capital.<\/td><td>BANCO UNIVERSAL<\/td>        <\/tr>\n            <tr data-row_id=\"2183\" class=\"ninja_table_row_19 nt_row_id_2183\">\n            <td>BANCO SOFITASA BANCO UNIVERSAL, C.A.<\/td><td><\/td><td><\/td><td>JOS\u00c9 MAR\u00cdA NOGUEROLES L\u00d3PEZ<\/td><td>Para entrega de Correspondencia: Avenida Francisco de Miranda, Torre Seguros Venezuela, Planta Baja,  Municipio Chacao, estado Miranda. Domicilio Fiscal : Avenida 7ma, esquina calle 4, Edificio Banco Sofitasa, Mezzanina, oficina 1, Sector Centro, San Crist\u00f3bal, estado T\u00e1chira. <\/td><td>BANCO UNIVERSAL<\/td>        <\/tr>\n            <tr data-row_id=\"2184\" class=\"ninja_table_row_20 nt_row_id_2184\">\n            <td>BANCRECER, S.A. BANCO MICROFINANCIERO.<\/td><td>MICHEL J. GOGUIKIAN   <\/td><td>RANDOLFO RAFAEL D\u00cdAZ MU\u00d1OZ<\/td><td><\/td><td>Avenida Francisco de Miranda, cruce con calle Capitolio, Torre Bazar Bol\u00edvar, Planta Baja, Bole\u00edta Sur, Municipio Sucre, estado Miranda.<\/td><td>BANCO MICROFINANCIERO<\/td>        <\/tr>\n            <tr data-row_id=\"2185\" class=\"ninja_table_row_21 nt_row_id_2185\">\n            <td>BANESCO BANCO UNIVERSAL, C.A.<\/td><td><\/td><td>CARLOS EDUARDO TEM\u00cdSTOCLES MILL\u00c1N S\u00c1NCHEZ<\/td><td><\/td><td>Avenida Principal de Bello Monte, entre calle Sorbona y calle Lincoln, Edificio Ciudad Banesco, Municipio Baruta, estado Miranda.<\/td><td>BANCO UNIVERSAL<\/td>        <\/tr>\n            <tr data-row_id=\"2186\" class=\"ninja_table_row_22 nt_row_id_2186\">\n            <td>BANPLUS BANCO UNIVERSAL, C.A.<\/td><td><\/td><td>VER\u00d3NICA \u00c1VILA DE ROND\u00d3N<\/td><td>ARTURO FUENMAYOR MAYORCA (E)<\/td><td>Avenida Paseo Enrique Eraso, Torre La Noria, piso 6, Las Mercedes, Municipio Baruta, estado Miranda.<\/td><td>BANCO UNIVERSAL<\/td>        <\/tr>\n            <tr data-row_id=\"2187\" class=\"ninja_table_row_23 nt_row_id_2187\">\n            <td>BFC BANCO FONDO COMUN, C.A. BANCO UNIVERSAL.<\/td><td>V\u00cdCTOR AUGUSTO GILL RAM\u00cdREZ                                                    <\/td><td>LUIS EDUARDO P\u00c9REZ FIGUEROA<\/td><td><\/td><td>Avenida Lazo Mart\u00ed entre avenida Venezuela y calle Guaicaipuro, Torre BFC,  piso 4, Urbanizaci\u00f3n El Rosal, Municipio Chacao, estado Miranda.<\/td><td>BANCO UNIVERSAL<\/td>        <\/tr>\n            <tr data-row_id=\"2188\" class=\"ninja_table_row_24 nt_row_id_2188\">\n            <td>DEL SUR BANCO UNIVERSAL, C.A.<\/td><td>C\u00c9SAR JOS\u00c9 NAVARRETE RIOBUENO                                                                                                           <\/td><td> ALFONSO SCHIAVINO DI GUGLIELMO<\/td><td><\/td><td>Avenida principal de La Castellana con avenida San Felipe, Edificio Bancaracas, piso 6, Oficina 603, La Castellana, Municipio Chacao estado Miranda.<\/td><td>BANCO UNIVERSAL<\/td>        <\/tr>\n            <tr data-row_id=\"2189\" class=\"ninja_table_row_25 nt_row_id_2189\">\n            <td>INSTITUTO MUNICIPAL DE CR\u00c9DITO POPULAR (IMCP)<\/td><td>SINAELIS DAILYN ROMERO VIVAS<\/td><td><\/td><td><\/td><td>Bloque 1 de la Urbanizaci\u00f3n El Silencio, Planta Baja, Local 1, al frente de la Plaza O'Leary, Municipio Libertador, Distrito Capital.<\/td><td>INSTITUTOS MUNICIPALES DE CR\u00c9DITO<\/td>        <\/tr>\n            <tr data-row_id=\"2190\" class=\"ninja_table_row_26 nt_row_id_2190\">\n            <td>MERCANTIL, C.A., BANCO UNIVERSAL.<\/td><td>GUSTAVO JULIO VOLLMER ACEDO                                                                                                                      <\/td><td>NELSON ACOSTA BRACHO<\/td><td><\/td><td>Avenida Andr\u00e9s Bello, Edificio Mercantil, Piso 35, Urbanizaci\u00f3n San Bernardino, Municipio Libertador, Distrito Capital.<\/td><td>BANCO UNIVERSAL<\/td>        <\/tr>\n            <tr data-row_id=\"2191\" class=\"ninja_table_row_27 nt_row_id_2191\">\n            <td>R4 BANCO MICROFINANCIERO, C.A.<\/td><td><\/td><td>RICARDO IV MONTILLA OSORIO<\/td><td><\/td><td>Avenida Francisco de Miranda, Centro Lido, Torre A, piso 5, Oficina 5-A (51-A, 52-A, 53-A, 54-A, 55-A, 56-A y 57-A) Urbanizaci\u00f3n El Rosal, Municipio Chacao, estado Miranda.<\/td><td>BANCO MICROFINANCIERO<\/td>        <\/tr>\n            <tr data-row_id=\"2192\" class=\"ninja_table_row_28 nt_row_id_2192\">\n            <td>VENEZOLANO DE CR\u00c9DITO, S.A., BANCO UNIVERSAL.<\/td><td>JOAQU\u00cdN ANDR\u00c9S URBANO BERRIZBEITIA<\/td><td><\/td><td><\/td><td>Avenida Alameda, Urbanizaci\u00f3n San Bernardino, Edificio Venezolano de Cr\u00e9dito, piso 9, Municipio Libertador, Distrito Capital.<\/td><td>BANCO UNIVERSAL<\/td>        <\/tr>\n            <tr data-row_id=\"2193\" class=\"ninja_table_row_29 nt_row_id_2193\">\n            <td>N58 BANCO DIGITAL, BANCO MICROFINANCIERO, S.A.<\/td><td>MIGUEL \u00c1NGEL RODR\u00cdGUEZ PEREIRA<\/td><td><\/td><td><\/td><td>Avenida Tamanaco, Edificio Centro Empresarial Galip\u00e1n, Piso 6, Oficina 60-B, Urbanizaci\u00f3n El Rosal, Municipio Chacao, estado Miranda.<\/td><td>BANCO MICROFINANCIERO<\/td>        <\/tr>\n    <\/tbody><!--ninja_tobody_rendering_done-->\n    <\/table>\n                    <style type=\"text\/css\" id='ninja_table_custom_css_2176'>\n                        #footable_2176  {\n    font-family: inherit;\n    font-size: 14px;\n    }\n\n    \n                <\/style>\n                \n    \n    \n<\/div>\n<\/div>\n\t\t\t\t<\/div>\n\t\t\t\t<\/div>\n\t\t\t\t\t<\/div>\n\t\t\t\t<\/div>\n\t\t\t\t<\/div>\n\t\t","protected":false},"excerpt":{"rendered":"<p>Bancario<\/p>\n","protected":false},"author":1,"featured_media":0,"parent":0,"menu_order":0,"comment_status":"closed","ping_status":"closed","template":"","meta":{"footnotes":""},"class_list":["post-539","page","type-page","status-publish","hentry","post"],"_links":{"self":[{"href":"https:\/\/sudeban.gob.ve\/index.php\/wp-json\/wp\/v2\/pages\/539"}],"collection":[{"href":"https:\/\/sudeban.gob.ve\/index.php\/wp-json\/wp\/v2\/pages"}],"about":[{"href":"https:\/\/sudeban.gob.ve\/index.php\/wp-json\/wp\/v2\/types\/page"}],"author":[{"embeddable":true,"href":"https:\/\/sudeban.gob.ve\/index.php\/wp-json\/wp\/v2\/users\/1"}],"replies":[{"embeddable":true,"href":"https:\/\/sudeban.gob.ve\/index.php\/wp-json\/wp\/v2\/comments?post=539"}],"version-history":[{"count":13,"href":"https:\/\/sudeban.gob.ve\/index.php\/wp-json\/wp\/v2\/pages\/539\/revisions"}],"predecessor-version":[{"id":2183,"href":"https:\/\/sudeban.gob.ve\/index.php\/wp-json\/wp\/v2\/pages\/539\/revisions\/2183"}],"wp:attachment":[{"href":"https:\/\/sudeban.gob.ve\/index.php\/wp-json\/wp\/v2\/media?parent=539"}],"curies":[{"name":"wp","href":"https:\/\/api.w.org\/{rel}","templated":true}]}}